{"id":226,"date":"2019-02-04T08:26:00","date_gmt":"2019-02-04T08:26:00","guid":{"rendered":"http:\/\/www.woitsch.com\/eng\/?page_id=226"},"modified":"2020-09-18T08:01:45","modified_gmt":"2020-09-18T08:01:45","slug":"pekka","status":"publish","type":"page","link":"http:\/\/www.woitsch.com\/eng\/pekka\/","title":{"rendered":"Pekka N\u00e4rv\u00e4inen"},"content":{"rendered":"\t\t<div data-elementor-type=\"wp-post\" data-elementor-id=\"226\" class=\"elementor elementor-226 elementor-bc-flex-widget\">\n\t\t\t\t\t\t<div class=\"elementor-inner\">\n\t\t\t\t<div class=\"elementor-section-wrap\">\n\t\t\t\t\t\t\t\t\t<section class=\"elementor-section elementor-top-section elementor-element elementor-element-8cdfe02 elementor-section-height-min-height elementor-section-boxed elementor-section-height-default elementor-section-items-middle\" data-id=\"8cdfe02\" data-element_type=\"section\">\n\t\t\t\t\t\t<div class=\"elementor-container elementor-column-gap-default\">\n\t\t\t\t\t\t\t<div class=\"elementor-row\">\n\t\t\t\t\t<div class=\"elementor-column elementor-col-100 elementor-top-column elementor-element elementor-element-d42289b\" data-id=\"d42289b\" data-element_type=\"column\">\n\t\t\t<div class=\"elementor-column-wrap elementor-element-populated\">\n\t\t\t\t\t\t\t<div class=\"elementor-widget-wrap\">\n\t\t\t\t\t\t<section class=\"elementor-section elementor-inner-section elementor-element elementor-element-a285c7f elementor-section-boxed elementor-section-height-default elementor-section-height-default\" data-id=\"a285c7f\" data-element_type=\"section\">\n\t\t\t\t\t\t<div class=\"elementor-container elementor-column-gap-default\">\n\t\t\t\t\t\t\t<div class=\"elementor-row\">\n\t\t\t\t\t<div class=\"elementor-column elementor-col-50 elementor-inner-column elementor-element elementor-element-e129fd8\" data-id=\"e129fd8\" data-element_type=\"column\">\n\t\t\t<div class=\"elementor-column-wrap elementor-element-populated\">\n\t\t\t\t\t\t\t<div class=\"elementor-widget-wrap\">\n\t\t\t\t\t\t<div class=\"elementor-element elementor-element-fecfdcb elementor-widget elementor-widget-image\" data-id=\"fecfdcb\" data-element_type=\"widget\" data-widget_type=\"image.default\">\n\t\t\t\t<div class=\"elementor-widget-container\">\n\t\t\t\t\t\t\t\t<div class=\"elementor-image\">\n\t\t\t\t\t\t\t\t\t\t\t\t<img width=\"150\" height=\"150\" src=\"http:\/\/www.woitsch.com\/eng\/wp-content\/uploads\/2019\/01\/PekkaN_Fotor-1-150x150.png\" class=\"attachment-thumbnail size-thumbnail\" alt=\"\" loading=\"lazy\" \/>\t\t\t\t\t\t\t\t\t\t\t\t\t\t<\/div>\n\t\t\t\t\t\t<\/div>\n\t\t\t\t<\/div>\n\t\t\t\t<div class=\"elementor-element elementor-element-c8120d1 elementor-widget elementor-widget-text-editor\" data-id=\"c8120d1\" data-element_type=\"widget\" data-widget_type=\"text-editor.default\">\n\t\t\t\t<div class=\"elementor-widget-container\">\n\t\t\t\t\t\t\t\t<div class=\"elementor-text-editor elementor-clearfix\">\n\t\t\t\t<p class=\"p1\"><span class=\"s1\">Technology &amp; Business Advisor <strong>Pekka N\u00e4rv\u00e4inen<\/strong><br \/>Vellamonkatu 22 A<br \/>33500 Tampere, Finland<br \/>Tel. +358 40 550 3959<br \/><a href=\"mailto:pekka.narvainen@pp.inet.fi\">pekka.narvainen (at) pp.inet.fi<\/a><\/span><\/p>\t\t\t\t\t<\/div>\n\t\t\t\t\t\t<\/div>\n\t\t\t\t<\/div>\n\t\t\t\t\t\t<\/div>\n\t\t\t\t\t<\/div>\n\t\t<\/div>\n\t\t\t\t<div class=\"elementor-column elementor-col-50 elementor-inner-column elementor-element elementor-element-a07cd58\" data-id=\"a07cd58\" data-element_type=\"column\">\n\t\t\t<div class=\"elementor-column-wrap elementor-element-populated\">\n\t\t\t\t\t\t\t<div class=\"elementor-widget-wrap\">\n\t\t\t\t\t\t<div class=\"elementor-element elementor-element-a8b030c elementor-widget elementor-widget-text-editor\" data-id=\"a8b030c\" data-element_type=\"widget\" data-widget_type=\"text-editor.default\">\n\t\t\t\t<div class=\"elementor-widget-container\">\n\t\t\t\t\t\t\t\t<div class=\"elementor-text-editor elementor-clearfix\">\n\t\t\t\t<h4 style=\"margin-bottom: 0.540791em;\"><span style=\"font-weight: bold;\">Pekka N\u00e4rv\u00e4inen<\/span><\/h4><p>Pekka N\u00e4rv\u00e4inen is an experienced industrialist and entrepreneur.\u00a0He has three decades of experience in defense and security business.\u00a0Pekka&#8217;s areas of expertise include research and innovation, strategic planning as well as sales and marketing.\u00a0Pekka\u00a0 is particularly familiar with analysis of operating environment and anticipation of changes.\u00a0He has been involved in the preparation and implementation of several acquisitions and created new businesses.<\/p><p><span style=\"vertical-align: inherit;\">Pekka has worked in the field of automation, electronics systems, software design as well as with vehicle and weapon systems, data transfer, ISR systems, target acquisition and system integration in the defense domain.\u00a0<\/span><span style=\"vertical-align: inherit;\">He has been a leading expert in the process of selecting new weapons systems for the armed forces.\u00a0<\/span><span style=\"vertical-align: inherit;\">Pekka was the leader of the Defence Forces Unmanned Systems Technology Program 2003-2007 and Chairman of the National Security Steering Group of the Tekes Security Program 2007-2013.<\/span><\/p><p><span style=\"vertical-align: inherit;\">Pekka has been involved in European defense and security research and development through\u00a0his participation in the CapTech Expert Group of four EDA R&amp;T activities.\u00a0He has been active in developing a common European defence through the European Defence Fund (EDF), incl.\u00a0Joint Research Initiative (PADR \/ EDRP) and Defence Industry Development Program (EDIDP).\u00a0Pekka has worked for a long time in the technology group of AFDA and in high-level working groups of the association&#8217;s umbrella organization ASD in Brussels.<br \/><\/span><\/p><p>Pekka has participated as an expert in the drafting of governmental Defense Reports and in strategic planning and research of the Defence Forces.\u00a0He has been a member of the MIL-Pool in the National Emergency Supply Agency and the Innovation Division of the Federation of Finnish Technology Industries.\u00a0He has been a member of VTT&#8217;s Advisory Committee for Machinery, Transport and Metal Industry and a mentor in the Tomorrow&#8217;s Leaders Program of the Tampere Chamber of Commerce.\u00a0Pekka has served as a visiting lecturer at the National Defence College.<\/p><p>In our team, Pekka specializes in research, technology, strategy and changes in the operating environment.<\/p>\t\t\t\t\t<\/div>\n\t\t\t\t\t\t<\/div>\n\t\t\t\t<\/div>\n\t\t\t\t\t\t<\/div>\n\t\t\t\t\t<\/div>\n\t\t<\/div>\n\t\t\t\t\t\t\t\t<\/div>\n\t\t\t\t\t<\/div>\n\t\t<\/section>\n\t\t\t\t\t\t<\/div>\n\t\t\t\t\t<\/div>\n\t\t<\/div>\n\t\t\t\t\t\t\t\t<\/div>\n\t\t\t\t\t<\/div>\n\t\t<\/section>\n\t\t\t\t\t\t\t\t\t<\/div>\n\t\t\t<\/div>\n\t\t\t\t\t<\/div>\n\t\t","protected":false},"excerpt":{"rendered":"<p>Technology &amp; Business Advisor Pekka N\u00e4rv\u00e4inenVellamonkatu 22 A33500 Tampere, FinlandTel. +358 40 550 3959pekka.narvainen (at) pp.inet.fi Pekka N\u00e4rv\u00e4inen Pekka N\u00e4rv\u00e4inen is an experienced industrialist and&hellip;<\/p>\n","protected":false},"author":1,"featured_media":0,"parent":0,"menu_order":0,"comment_status":"closed","ping_status":"closed","template":"","meta":[],"_links":{"self":[{"href":"http:\/\/www.woitsch.com\/eng\/wp-json\/wp\/v2\/pages\/226"}],"collection":[{"href":"http:\/\/www.woitsch.com\/eng\/wp-json\/wp\/v2\/pages"}],"about":[{"href":"http:\/\/www.woitsch.com\/eng\/wp-json\/wp\/v2\/types\/page"}],"author":[{"embeddable":true,"href":"http:\/\/www.woitsch.com\/eng\/wp-json\/wp\/v2\/users\/1"}],"replies":[{"embeddable":true,"href":"http:\/\/www.woitsch.com\/eng\/wp-json\/wp\/v2\/comments?post=226"}],"version-history":[{"count":17,"href":"http:\/\/www.woitsch.com\/eng\/wp-json\/wp\/v2\/pages\/226\/revisions"}],"predecessor-version":[{"id":538,"href":"http:\/\/www.woitsch.com\/eng\/wp-json\/wp\/v2\/pages\/226\/revisions\/538"}],"wp:attachment":[{"href":"http:\/\/www.woitsch.com\/eng\/wp-json\/wp\/v2\/media?parent=226"}],"curies":[{"name":"wp","href":"https:\/\/api.w.org\/{rel}","templated":true}]}}